is the value of (-4 - 0) + 3 + -3 + -14 - -3?
-15
What is -4 + 13 - -13 - (3 - -3)?
16
What is -15 + -15 + 54 + -30?
-6
What is 3 + -209 + 195 + (1 - -8)?
-2
Calculate 1 - (-25 + 11 - -8) - -4.
11
(1 - -43 - 32) + (-2 - (-2 + 1))
11
What is (-3 - -9) + 2 - (15 - (2 + 15))?
10
Evaluate 15 + (9 + 9 - 19).
14
What is the value of 33 + 8 + 16 - 29?
28
What is the value of (23 - -3) + -26 + -22?
-22
Evaluate 31 + -4 + -7 - (29 + 7).
-16
-20 + 58 + (-41 - -31)
28
What is the value of -8 + -9 + 5 + (8 - 2)?
-6
Evaluate -2 - (-4 + -3 + 5 - (-4 - -7)).
3
Calculate -17 + (-4 - (28 - (-3 - -18))).
-34
Evaluate (-7 + 1 + -5 - -13) + 11.
13
Calculate 6 + 7 + (-3 - 4 - 0 - 1).
5
Evaluate 25 - -1 - (2602 + -2552).
-24
What is 4 - (5 + -17 + 12 + 8)?
-4
What is (4 - 3) + (14 - 8) + 3?
10
Evaluate 0 - -1 - ((-4 - -6) + (1 - -1)).
-3
What is -11 + 7 + (8 - 1) + (-13 - -6)?
-4
Calculate -1 + -13 + -2 + (12 - 6) - -23.
13
What is (-17 - -19) + (-7 - 0) + 4?
-1
(2 - (7 + -9)) + 7 + 4
15
Evaluate 17 + (31 - 27) + -24.
-3
138 + -139 + (-3 - 15)
-19
What is the value of 24 - ((0 - -3) + (-10 - -3)) - 8?
20
Evaluate -12 + (-1 - -18) + (6 - 2) + -12.
-3
25 + -9 - (4 - -12) - 21
-21
Evaluate -21 - (20 - (15 + 12)).
-14
What is (7 + 1 - (23 - (9 + 7))) + -5?
-4
What is the value of (2 - -1) + -3 + 25 + -25?
0
Calculate -3720 - -3724 - ((-2 - -4 - 2) + -30).
34
What is (10 - -6) + -10 + (3 - 10)?
-1
What is 1 + -15 + (19 - -2 - 18) - -7?
-4
Calculate 2 - (-2 + 25) - (54 - (51 + 7)).
-17
(11 - (14 - (6 + -4))) + 5
4
Calculate -29 + 8 - (-9 - ((-8 - 2) + 5)).
-17
Evaluate 7 + 0 + (8 - 37) + 10.
-12
What is the value of -2 + (-8 + (12 - -20) - 4)?
18
(6 - -5) + -8 - -3
6
What is the value of 23 + -25 + (-4 + (-25 - -1) - -4)?
-26
What is 14 - (3 + -2 + 0 + -13)?
26
Calculate (4 - (5 - (7 - -1))) + 0 + 4.
11
What is the value of 9 + (1 - -17 - (-27 - -34) - 3)?
17
Evaluate -4 - (-33 - 8 - (13 + -27 - -5)).
28
What is the value of 1 + 10 + -1 - (1 + -18 + 7)?
20
2 + (0 - 8) - (-4 - -1) - -13
10
-7 - (-1 + 16 + -6) - -2
-14
6 + -35 + 38 + (-1 - 0)
8
8 + (-7 - -5) - 5
1
What is (-1 - 11) + -9 + 22 - (0 - -3)?
-2
What is the value of 23 + -30 + 0 + (-1 - 0 - 3)?
-11
Evaluate -4 + -9 + 7 - -1.
-5
What is the value of 9 + (-9 - 0) + -6?
-6
What is the value of 33 + (-74 - -37) - -11?
7
What is -40 - (-21 - 14 - -30)?
-35
What is -8 + -18 + 17 - -25?
16
Calculate 4 + 14 - -7 - 7.
18
Calculate 0 + (6 - (10 - 9)) - (-2 + -3).
10
What is 44 + -35 + (4 - 3)?
10
Evaluate -25 - (-14 - -15) - -30.
4
Evaluate (-6 - 16) + -1 + -8 + (-2 - -4).
-29
Evaluate -5 + 10 - (1 + (-1 - -5)) - -1.
1
12 - (-55 - -61 - (8 - 1))
13
Evaluate -10 + (9 - -26) + -61.
-36
What is the value of 11 - ((-3 - (1 - 3)) + -13 + 18)?
7
41 + -2 + -27 + 12
24
Evaluate -21 - (16 + -7 + -61).
31
What is the value of -138 - -134 - (0 - -1)?
-5
Calculate 8 - (9 + (-3 - -1) + -5).
6
11 + -17 + 12 + 5
11
Evaluate 5 - (17 - (-3 + -2 + 9 - 2)).
-10
Evaluate 0 - (1 - 2 - (-40 - -25)).
-14
What is 33 - -1 - 43 - (-5 - -1)?
-5
Evaluate (-1 - -2) + 6 + -9 - 8.
-10
Calculate -38 - (-41 - -21) - 12.
-30
What is 2 + (-14 - -7 - -2)?
-3
What is the value of (16 - (19 - 13)) + -17?
-7
Evaluate 6 + (-5 - -1) + (1 - 12).
-9
What is the value of 1 + -8 - (-42 - (5 + -50))?
-10
Calculate (10 - (-9 - -19) - (0 - 1)) + -14.
-13
What is the value of (6 - -4) + (-1 - 5)?
4
-4 + -13 + (28 - 11) + (0 - 10)
-10
Calculate -4 - (-16 - -7) - (-5 + (3 - 4)).
11
Calculate -1 + 2 + (-1 - -6 - (44 + -19)).
-19
What is the value of -12 - (1 - 11) - 16 - 12?
-30
What is -2 + -17 - -22 - -28?
31
Evaluate 4 + 10 + -1 + 2 + -2.
13
Calculate 51 + -5 + -30 + (2 - 3 - 9).
6
What is the value of (-6 - -7) + -3 - (2 + (0 - -5))?
-9
What is 9 - (-48 + -18 - -47)?
28
What is the value of -3 + 6 - 2 - 2 - -3?
2
What is the value of -7 - (15 + (-4 - -2) - 37)?
17
What is (21 - 18) + (-5 - -7)?
5
-2 - 17 - (-1 - -2 - 8)
-12
Calculate -9 - (-1 + (-19 + 9 - -16)).
-14
What is the value of (-10 - -11) + -8 - 4?
-11
What is 37 + 1 + -17 - 8?
13
What is the value of (-34 + 11 + 12 - -2) + 20?
11
-10 - 1 - (20 - (-8 + 18))
-21
Evaluate -49 - -13 - (-9 + 24 - 16).
-35
(22 + 38 - 24) + -14
22
Calculate -1 - ((-6 - -1) + 5 + 0) - -6.
5
What is -9 + 11 + (-11 - (2 + 1 + -7))?
-5
4 - 7 - (1 - -1) - (-9 + -1)
5
Calculate 1 - (6 + -9 + -3) - 4.
3
Evaluate -3 + 0 + (11 - 7).
1
What is 4 - 8 - -3 - (-5 - (-4 - -14))?
14
0 + 28 + (105 - 113) - 13
7
Evaluate 4 + -42 - (104 - 117).
-25
-24 + 15 + 29 + -11
9
What is 3 + (-7 - (2 + -3 + 2 + 0))?
-5
What is the value of -11 + 8 - (17 - 16)?
-4
Evaluate -80 + 94 - (26 - -2).
-14
What is (6 - (10 + -3) - 6) + 0 + 11?
4
What is -4 + 6 + -1 - (-8 - (-23 - -39))?
25
What is (-3 + 5 - -12) + -14?
0
Calculate (-17 - -36) + -10 - 26.
-17
What is the value of (-7 + 6 - -26) + -13?
12
Evaluate -292 + 285 + -22 + (1 + -1 - -3).
-26
123 - 81 - 21 - (-12 + 0)
33
-4 - (-8 + (1 - -6))
-3
What is the value of 3 - (-5 - (-2 + 0 + -2))?
4
Evaluate -3 + (4 - (16 + 8)).
-23
358 + -361 - (1 - 20)
16
(507 - 497) + (-4 - 1)
5
19 - (6 + (-26 - -22))
17
What is 61 + -61 - (0 + (23 - 4))?
-19
What is (-16 - -27) + 4 + -17?
-2
Evaluate 1 + (1 - (-8 + 3)) + -12.
-5
-2 - -1 - 6 - (47 - 67)
13
What is the value of -27 + -18 - -55 - (1 + 33)?
-24
(-7 - 0 - (-80 - -67)) + -16
-10
-5 + 14 - (-1 + -6)
16
Evaluate 18 + (-1 - -20 - 41).
-4
What is the value of 19 - (10 - 4) - (-1 + 1 + 0)?
13
(-3 - -9) + -3 + (5 - 7) - -7
8
What is the value of -3 - (3 + (-4 - 4 - (0 - 4)))?
-2
What is the value of 7 + 5 + -16 + -1 + 6 + -10?
-9
What is (2 - 22) + 4 + 3 + -1 + 4?
-10
What is the value of 3 + -44 + -20 + 45?
-16
What is (1 - (-8 + -2)) + (266 - 271)?
6
What is the value of 7 + 20 + (-5 + -6 - -2)?
18
What is the value of (-1 - -7) + (-191 - -174)?
-11
What is (-80 - -72 - (-2 + 6 + 0)) + -14?
-26
Evaluate -11 - (-6 - (-1 + (-2 - 0))).
-8
Calculate (-67 - (-197 - -103)) + (3 - 2 - -2).
30
What is the value of (-38 - -34) + 20 + -2 + -3?
11
Evaluate -10 - (-12 - -31 - (-3 + 14)).
-18
Evaluate -5 + -4 + 9 + 2 + -6 - 4.
-8
Calculate -28 - (-7 + -33) - 33.
-21
What is the value of -4 + (24 - (3 + 21))?
-4
Evaluate 5 + (-13 - (2 - 15)).
5
Calculate 2 + 8 + -1 + -7 - 3.
-1
Evaluate (-7 - -11) + 6 + -1.
9
Evaluate 15 + (-6 - 7 - -6).
8
Calculate -28 - -35 - (3 + 31).
-27
What is the value of -13 + (0 - (-19 + 13))?
-7
What is the value of (3 - 15) + 62 + -46?
4
(17 - (12 + 33)) + (7 - 0)
-21
What is the value of -21 + (20 - -39) + -18?
20
(-23 + 11 - -14) + (-1 - -19)
20
What is the value of 3 + (-24 - -10) - (-2 + -2) - 2?
-9
(-8 - -34) + (-34 - -6)
-2
What is -3 + -10 + 1 + 2 + (-32 - -20)?
-22
What is -3 - 5 - (-1 + (10 - 6))?
-11
-922 + 901 + 0 + 34
13
What is (4 + (-3 - -5) - (25 - 5)) + 2?
-12
Evaluate -18 + (4 - (-5 - (-5 + -2))).
-16
Evaluate -1 + 2 + -28 + 1078 + -1063.
-12
Calculate (-2 + 4 - (-3 - 2)) + 0 + 0.
7
What is the value of (-7 - (-2 + (-1 - (-13 - -5)))) + 0?
-12
Calculate (3 - -4) + (9 - 15 - (-4 + -2)).
7
What is the value of 8 + (-4 - (14 + -6 + -1))?
-3
What is the value of (50 + -29 - -26) + -33?
14
Calculate 7 - (-24 + 5 - -31).
-5
What is the value of 8 - (2 + (-9 - -2) + 12)?
1
What is 1 + -1 + 1 - (-80 + 54 - -16)?
11
What is (22 - (29 - 1)) + 0 + -11 + 0?
-17
What is the value of -4 + 0 + -13 + (10 + -24 - -34)?
3
What is the value of 23 + -22 + 16 - -6?
23
What is the value of 16 + (-18 - ((11 - 11) + 5))?
-7
Evaluate -7 - (-2 + 1 - (7 - 7)).
-6
Evaluate 6 + (-2 - 5) - (2 - 0).
-3
What is the value of 5 + -1 + 4 + (30 - 24)?
14
What is the value of 19 + 25 + -22 + -21?
1
Evaluate (13 - 28) + -5 + 26.
6
What is 14 + 0 + -2 + -4 + 7?
15
23 + 14 + -35 - (-2 - -8)
-4
What is 18 + 26 + (7 - 47)?
4
Evaluate -5 - 10 - ((29 - 22) + 1 + -17).
-6
What is the value of 21 + 5 + -11 + 3?
18
What is -4 + (-3 + -8 - -17)?
2
Evaluate -6 + (-3 - (-7 + 8)) + -8 + 2.
-16
Evaluate 2 - -2 - 11 - (-2 + 6).
-11
What is (2 - (4 + 20)) + 21?
-1
-10 - (16 + -1 + -9 + 0)
-16
Evaluate 3 - (54 - (6 + 4) - 10).
-31
Evaluate (0 - -5) + -14 + 5 + 20.
16
What is the value of (21 - (-7 + 13 - -18)) + (1 - 10)?
-12
Evaluate -15 + (40 - (-10 + 26)).
9
Evaluate -10 + (-20 - -24) + 8.
2
Evaluate -279 - -250 - (-51 - -2).
20
Calculate (8 + -18 + 2 - (-5 + 1)) + -4.
-8
What is the value